 when 794 is divided by p.
26
What is the remainder when 62 + (-11)/(-2 + 3) is divided by 6*((-26)/(-3))/2?
25
Suppose -170919 = -384*t + 128601. What is the remainder when t is divided by 133?
115
Let n = 99 + 12. What is the remainder when n is divided by (3052/(-545))/(2/(-10))?
27
Let f be (5 + -1)*1 - (1 + 2). Let o be f + 1072/(-6) + (-20)/60. Calculate the remainder when o/(-6) + ((-65)/(-15) - 4) is divided by 11.
8
Let g = -121 + 148. Suppose -g = -2*y - 5*f + 19, -3*y + 55 = 4*f. Calculate the remainder when 23 is divided by y.
10
Suppose 5*f - 103 + 407 = 4*p, -p + f + 75 = 0. Let n(y) = -4*y**3 + y**2 + 4*y + 2. What is the remainder when n(-4) is divided by p?
45
Let n = -11796 + 11799. What is the remainder when 2522 is divided by n?
2
Let h = 191 + 138. Let f = 523 - h. What is the remainder when f is divided by 33?
29
What is the remainder when 131 is divided by -2*1*((-18)/4*7 + 8)?
37
Let f = -104 - -108. Suppose f*n = -3*o + 2*n + 18, 4*o + 3*n - 24 = 0. What is the remainder when ((-88)/(-12))/((-2)/(-3)) is divided by o?
5
Let n(d) = 2*d - 34. Suppose 2*x = -x + 45. Let r be n(x). Calculate the remainder when 66*(r + 25/5) is divided by 35.
31
What is the remainder when 3324 is divided by (-4 - -5)/(8 + 237/(-30))?
4
Let a = -2 - 3. Let r be (1/a*-48)/(3/20). Suppose -155 = -5*h - 2*m + 121, -4*m - r = -h. What is the remainder when h is divided by 16?
8
Suppose -8*o = -2*o + 36. Let x be 6/(-1) + 2/(-4)*o. Calculate the remainder when 84 is divided by (-6)/x - (-15 - -3) - -3.
16
What is the remainder when 112 is divided by 150/60 + 1161/18?
45
Let m = -8 - 64. Let n = m - -121. Calculate the remainder when 192 is divided by n.
45
Let m be 40/(-15)*(-63)/12. Suppose 180 = -10*j + m*j. Suppose 4*c - 4*z = 76, -4*c + 0*z + 100 = 2*z. Calculate the remainder when j is divided by c.
22
Suppose -5*j - 786 = 134. Let p = j - -218. What is the remainder when p is divided by 6?
4
Let f(z) = -43*z - 126. Let u be f(-9). Suppose 7*x + 16 = u. Calculate the remainder when x is divided by 8 + 3/((-6)/4).
5
Let l = 242 - 156. Let w(h) = 89*h + 12 + 12 - 8 - l*h. What is the remainder when 217 is divided by w(2)?
19
Let y(z) = z**3 + 6*z**2 - 5*z + 17. Let m be y(-6). Suppose 39*t + 64 = m*t. What is the remainder when 23 is divided by t?
7
Calculate the remainder when -2206*(507/(-65) + 8)*-5 is divided by 32.
30
Suppose -3*k + 18 = -5*o, -k - 4*o = -1 - 22. Let f(y) = 12*y - 25. Let v be f(k). Let t = -68 + v. Calculate the remainder when t is divided by 21.
18
Let g(m) = 3*m + 6. Let k be g(0). Suppose -k*q + 15540 = -18*q. What is the remainder when q/(-21) - 1/(-3) is divided by 21?
20
Suppose 0 = -3*r - 5*g + 493, 4*g - 1171 = -4*r - 527. Calculate the remainder when 2645 is divided by r.
149
Suppose 555 = -5*l - 5. Let v = -103 - l. Calculate the remainder when 70 is divided by v.
7
Let t(n) = 3*n**3 + 63*n**2 - 11*n - 222. What is the remainder when (-1)/(-2) - 922/(-4) is divided by t(-21)?
6
Calculate the remainder when 1439 is divided by (-4 - (-88 + -4))/(-98 + 100).
31
Suppose -4*g - 3*j = -2320, -2877 = -0*g - 5*g + 2*j. Suppose -12*r + 16*r - 228 = -4*c, -3*r + 3*c + 177 = 0. Calculate the remainder when g is divided by r.
55
Suppose 4*k + 1377 - 217 = 4*f, -5*k + 886 = 3*f. Calculate the remainder when f is divided by 42.
40
Let o = 18177 - 1159. Calculate the remainder when o is divided by 46.
44
Let x be -7 - 0 - 99/(-11). What is the remainder when 155 is divided by (x - (-20)/(-50))*45/2?
11
Suppose -2*a - 3*a + 235 = 0. Suppose -4*z = a - 55. Calculate the remainder when (-10)/(-4 - (3 + -5)) is divided by z.
1
Let z = 27508 + -21024. What is the remainder when z is divided by 382?
372
Let p(u) = -u**3 - 5*u**2 + u + 6. Let q be p(-5). Let t(b) = 9*b**2 + 5*b + 7. Let g be t(-2). What is the remainder when q*5/(15/g) is divided by 3?
2
Suppose p = -2*m + 14, -11 = -3*m + 5*p - 4*p. Let r(s) = 3*s**2 - 13*s + 18. What is the remainder when 67 is divided by r(m)?
11
Let x = -104 + 182. Calculate the remainder when x is divided by -321*2/(-15) - (-3)/15.
35
Suppose 5*l = -5*n + 105, 3*l + n = 89 - 24. Calculate the remainder when -1 - (-47 + 1 + (-20)/(-10)) is divided by l.
21
Let m(z) = -z**3 + 5*z**2 - z. Let o be m(5). Let d be (10 + (-5)/(o/(-4)))*3. Suppose 0 = -3*a + a + d. Calculate the remainder when 15 is divided by a.
6
Let z = 13229 + -12038. Calculate the remainder when z is divided by 154.
113
Let f(o) = -o**3 + 18*o**2 - 44*o + 19. What is the remainder when f(8) is divided by 297?
10
Let m = -6543 - -6577. Let f(y) = -14*y + 15. Calculate the remainder when f(-11) is divided by m.
33
Let x(o) be the first derivative of -10*o**2 - 77*o + 176. What is the remainder when x(-14) is divided by 51?
50
Suppose -12 = m - 79. What is the remainder when m is divided by 4/8 + 207/6?
32
Let d(p) = -14*p**2 + p + 11. Calculate the remainder when 184 is divided by d(0).
8
Suppose 2*z = -14*b + 9*b + 167, -4*b + 4*z + 128 = 0. What is the remainder when 163 is divided by b?
31
Let j(b) = b**3 + 13*b**2 + 18*b + 17. Let v be j(-12). Let y = -137 - v. Let m = -70 - y. What is the remainder when 94 is divided by m?
10
Let q(w) = -w + 1. Let l(m) = -7*m + 21. Let o(i) = l(i) - 6*q(i). Let k = -22 + 38. What is the remainder when k is divided by o(9)?
4
Let w be (-352)/(-6) - 18/27. Suppose w*u - 49*u - 621 = 0. What is the remainder when 136 is divided by u?
67
Let v be ((-2*1)/(-8))/((-50)/(-600)). Suppose -u - c + 66 = -25, v*u + 4*c = 274. Calculate the remainder when u is divided by 47.
43
Let m = 314 - 187. Suppose 3*k - 5*g - 81 - 72 = 0, g - 181 = -4*k. What is the remainder when m is divided by k?
35
Suppose 55*h + 600996 = 229*h. What is the remainder when h is divided by 41?
10
Let w(z) be the first derivative of -6*z + 11*z**2 - 1/3*z**3 + 12. What is the remainder when w(16) is divided by 31?
28
Let w = -17351 - -17436. Calculate the remainder when 420 is divided by w.
80
Let j(w) be the second derivative of w**4/4 + w**3/3 + 17*w - 1. Calculate the remainder when 38 is divided by j(1).
3
Suppose 5*k = -2*u + 50, -2*u + 4*u + 70 = 5*k. Let i(g) = -g**3 + 10*g**2 + 29*g + 8. Calculate the remainder when i(k) is divided by 18.
14
Suppose 79 = 2*m - 13. Calculate the remainder when m is divided by 20/(-50)*-5*3.
4
Suppose 0 = -4*x + 5*i + 677, 4*x - 672 = 2*i + 2*i. Suppose 0 = 60*d - 189 - 531. What is the remainder when x is divided by d?
7
Let z(i) = i**3 - 13*i**2 + 5*i - 54. Let v be z(13). Suppose 295 = v*r - 57. Calculate the remainder when r is divided by 5.
2
Let g = 58 + -83. Suppose 0 = -6*s + 35*s - 1160. Let y = s + g. What is the remainder when 58 is divided by y?
13
Let o = -1090 - -1297. What is the remainder when o is divided by 111?
96
Suppose -4*p - 10 = -2*c, p + 10 = -0*p + 3*c. Calculate the remainder when p - -48 - (-1 + -1) is divided by 17/((-153)/63) - -20.
10
Let x = -2373 - -2394. Calculate the remainder when 4388 is divided by x.
20
Let s(i) = -155*i - 1049. What is the remainder when 3095 is divided by s(-7)?
35
Let c = -15020 - -16531. What is the remainder when c is divided by 36?
35
Let s(f) = 2*f**3 + 39*f**2 + 14*f - 80. Let t be s(-19). Suppose a + a = 0. Suppose a = 17*z - t*z - 8. What is the remainder when 22 is divided by z?
2
Suppose -2*c = -4*c + 10. What is the remainder when 6/(-2) + 133/14*10 is divided by (-154)/(-5) + 1/c?
30
Let v be (-9)/(-2)*(-4)/3. Let a(z) = -2*z**3 - 3*z**2 + 35*z + 2. Calculate the remainder when a(v) is divided by 9.
8
Let w(d) = d**3 + 35*d**2 - 173*d - 2706. Calculate the remainder when w(-17) is divided by 1811.
4
Suppose c = 4*f + 50 + 1, -5*f + 120 = 4*c. Suppose -4*l - 106 = 2*g, 31 = -l + 3*g - 8*g. Let n = l + c. What is the remainder when 60 is divided by n?
6
Suppose 137*p = 26681 - 9008. What is the remainder when 1813 is divided by p?
7
Suppose 21 = -0*n - 7*n. Let q be 4 - (5 + n) - 2. What is the remainder when 75 is divided by (-13)/((0 - q) + -1)?
10
Suppose -6 = -3*f + 9. Suppose -8 = 2*o, 5*o = -2*b - 21 + f. Suppose -4*d = 3*a - 49, -b*a + 26 + 4 = 2*d. Calculate the remainder when a is divided by 5.
1
Let d = 169 + -106. Suppose -n = -6*n + 4*o + 15, -n + 3 = 4*o. Suppose v - n*v = -64. Calculate the remainder when 